{"id":1938,"date":"2026-02-10T14:33:47","date_gmt":"2026-02-10T14:33:47","guid":{"rendered":"https:\/\/directprovider.com.br\/?page_id=1938"},"modified":"2026-02-20T14:24:34","modified_gmt":"2026-02-20T14:24:34","slug":"elementor-1938","status":"publish","type":"page","link":"https:\/\/directprovider.com.br\/index.php\/elementor-1938\/","title":{"rendered":"Intelligent Robotics"},"content":{"rendered":"\t\t<div data-elementor-type=\"wp-page\" data-elementor-id=\"1938\" class=\"elementor elementor-1938\" data-elementor-post-type=\"page\">\n\t\t\t\t<div class=\"elementor-element elementor-element-221eb7b e-flex e-con-boxed e-con e-parent\" data-id=\"221eb7b\" data-element_type=\"container\" data-e-type=\"container\" data-settings=\"{&quot;animation&quot;:&quot;none&quot;}\">\n\t\t\t\t\t<div class=\"e-con-inner\">\n\t\t<div class=\"elementor-element elementor-element-bd97873 e-con-full e-flex e-con e-child\" data-id=\"bd97873\" data-element_type=\"container\" data-e-type=\"container\">\n\t\t\t\t<div class=\"elementor-element elementor-element-5148a9a elementor-widget elementor-widget-image\" data-id=\"5148a9a\" data-element_type=\"widget\" data-e-type=\"widget\" data-widget_type=\"image.default\">\n\t\t\t\t<div class=\"elementor-widget-container\">\n\t\t\t\t\t\t\t\t\t\t\t\t\t\t\t\t<a href=\"https:\/\/directprovider.com.br\/\">\n\t\t\t\t\t\t\t<img fetchpriority=\"high\" decoding=\"async\" width=\"895\" height=\"99\" src=\"https:\/\/directprovider.com.br\/wp-content\/uploads\/2024\/09\/Logo-DIRECTPROVIDER-vetorizado-1.svg\" class=\"attachment-full size-full wp-image-901\" alt=\"\" \/>\t\t\t\t\t\t\t\t<\/a>\n\t\t\t\t\t\t\t\t\t\t\t\t\t\t\t<\/div>\n\t\t\t\t<\/div>\n\t\t\t\t<\/div>\n\t\t<div class=\"elementor-element elementor-element-9deb15f e-con-full e-flex e-con e-child\" data-id=\"9deb15f\" data-element_type=\"container\" data-e-type=\"container\">\n\t\t\t\t<div class=\"elementor-element elementor-element-0ac04e7 elementor-widget__width-inherit elementor-nav-menu__align-center elementor-nav-menu--stretch elementor-nav-menu__text-align-center elementor-nav-menu--dropdown-tablet elementor-nav-menu--toggle elementor-nav-menu--burger elementor-widget elementor-widget-nav-menu\" data-id=\"0ac04e7\" data-element_type=\"widget\" data-e-type=\"widget\" data-settings=\"{&quot;submenu_icon&quot;:{&quot;value&quot;:&quot;&lt;i aria-hidden=\\&quot;true\\&quot; class=\\&quot;\\&quot;&gt;&lt;\\\/i&gt;&quot;,&quot;library&quot;:&quot;&quot;},&quot;full_width&quot;:&quot;stretch&quot;,&quot;layout&quot;:&quot;horizontal&quot;,&quot;toggle&quot;:&quot;burger&quot;}\" data-widget_type=\"nav-menu.default\">\n\t\t\t\t<div class=\"elementor-widget-container\">\n\t\t\t\t\t\t\t\t<nav aria-label=\"Menu\" class=\"elementor-nav-menu--main elementor-nav-menu__container elementor-nav-menu--layout-horizontal e--pointer-none\">\n\t\t\t\t<ul id=\"menu-1-0ac04e7\" class=\"elementor-nav-menu\"><li class=\"menu-item menu-item-type-post_type menu-item-object-page menu-item-678\"><a href=\"https:\/\/directprovider.com.br\/index.php\/quem-somos\/\" class=\"elementor-item\">Quem somos<\/a><\/li>\n<li class=\"menu-item menu-item-type-custom menu-item-object-custom menu-item-has-children menu-item-986\"><a href=\"#\" class=\"elementor-item elementor-item-anchor\">Servi\u00e7os<\/a>\n<ul class=\"sub-menu elementor-nav-menu--dropdown\">\n\t<li class=\"menu-item menu-item-type-post_type menu-item-object-page menu-item-1721\"><a href=\"https:\/\/directprovider.com.br\/index.php\/elementor-1714\/\" class=\"elementor-sub-item\">Suporte<\/a><\/li>\n\t<li class=\"menu-item menu-item-type-post_type menu-item-object-page menu-item-698\"><a href=\"https:\/\/directprovider.com.br\/index.php\/webcoference\/\" class=\"elementor-sub-item\">Webcoference<\/a><\/li>\n<\/ul>\n<\/li>\n<li class=\"menu-item menu-item-type-post_type menu-item-object-page menu-item-1118\"><a href=\"https:\/\/directprovider.com.br\/index.php\/casesclients\/\" class=\"elementor-item\">Cases&#038;Clients<\/a><\/li>\n<li class=\"menu-item menu-item-type-post_type menu-item-object-page menu-item-1801\"><a href=\"https:\/\/directprovider.com.br\/index.php\/contato\/\" class=\"elementor-item\">Contato<\/a><\/li>\n<li class=\"menu-item menu-item-type-custom menu-item-object-custom menu-item-has-children menu-item-1933\"><a class=\"elementor-item\">Not\u00edcias<\/a>\n<ul class=\"sub-menu elementor-nav-menu--dropdown\">\n\t<li class=\"menu-item menu-item-type-post_type menu-item-object-page menu-item-1959\"><a href=\"https:\/\/directprovider.com.br\/index.php\/elementor-1953\/\" class=\"elementor-sub-item\">Intelligent Robotics<\/a><\/li>\n<\/ul>\n<\/li>\n<\/ul>\t\t\t<\/nav>\n\t\t\t\t\t<div class=\"elementor-menu-toggle\" role=\"button\" tabindex=\"0\" aria-label=\"Menu Toggle\" aria-expanded=\"false\">\n\t\t\t<svg aria-hidden=\"true\" role=\"presentation\" class=\"elementor-menu-toggle__icon--open e-font-icon-svg e-eicon-menu-bar\" viewBox=\"0 0 1000 1000\" xmlns=\"http:\/\/www.w3.org\/2000\/svg\"><path d=\"M104 333H896C929 333 958 304 958 271S929 208 896 208H104C71 208 42 237 42 271S71 333 104 333ZM104 583H896C929 583 958 554 958 521S929 458 896 458H104C71 458 42 487 42 521S71 583 104 583ZM104 833H896C929 833 958 804 958 771S929 708 896 708H104C71 708 42 737 42 771S71 833 104 833Z\"><\/path><\/svg><svg aria-hidden=\"true\" role=\"presentation\" class=\"elementor-menu-toggle__icon--close e-font-icon-svg e-eicon-close\" viewBox=\"0 0 1000 1000\" xmlns=\"http:\/\/www.w3.org\/2000\/svg\"><path d=\"M742 167L500 408 258 167C246 154 233 150 217 150 196 150 179 158 167 167 154 179 150 196 150 212 150 229 154 242 171 254L408 500 167 742C138 771 138 800 167 829 196 858 225 858 254 829L496 587 738 829C750 842 767 846 783 846 800 846 817 842 829 829 842 817 846 804 846 783 846 767 842 750 829 737L588 500 833 258C863 229 863 200 833 171 804 137 775 137 742 167Z\"><\/path><\/svg>\t\t<\/div>\n\t\t\t\t\t<nav class=\"elementor-nav-menu--dropdown elementor-nav-menu__container\" aria-hidden=\"true\">\n\t\t\t\t<ul id=\"menu-2-0ac04e7\" class=\"elementor-nav-menu\"><li class=\"menu-item menu-item-type-post_type menu-item-object-page menu-item-678\"><a href=\"https:\/\/directprovider.com.br\/index.php\/quem-somos\/\" class=\"elementor-item\" tabindex=\"-1\">Quem somos<\/a><\/li>\n<li class=\"menu-item menu-item-type-custom menu-item-object-custom menu-item-has-children menu-item-986\"><a href=\"#\" class=\"elementor-item elementor-item-anchor\" tabindex=\"-1\">Servi\u00e7os<\/a>\n<ul class=\"sub-menu elementor-nav-menu--dropdown\">\n\t<li class=\"menu-item menu-item-type-post_type menu-item-object-page menu-item-1721\"><a href=\"https:\/\/directprovider.com.br\/index.php\/elementor-1714\/\" class=\"elementor-sub-item\" tabindex=\"-1\">Suporte<\/a><\/li>\n\t<li class=\"menu-item menu-item-type-post_type menu-item-object-page menu-item-698\"><a href=\"https:\/\/directprovider.com.br\/index.php\/webcoference\/\" class=\"elementor-sub-item\" tabindex=\"-1\">Webcoference<\/a><\/li>\n<\/ul>\n<\/li>\n<li class=\"menu-item menu-item-type-post_type menu-item-object-page menu-item-1118\"><a href=\"https:\/\/directprovider.com.br\/index.php\/casesclients\/\" class=\"elementor-item\" tabindex=\"-1\">Cases&#038;Clients<\/a><\/li>\n<li class=\"menu-item menu-item-type-post_type menu-item-object-page menu-item-1801\"><a href=\"https:\/\/directprovider.com.br\/index.php\/contato\/\" class=\"elementor-item\" tabindex=\"-1\">Contato<\/a><\/li>\n<li class=\"menu-item menu-item-type-custom menu-item-object-custom menu-item-has-children menu-item-1933\"><a class=\"elementor-item\" tabindex=\"-1\">Not\u00edcias<\/a>\n<ul class=\"sub-menu elementor-nav-menu--dropdown\">\n\t<li class=\"menu-item menu-item-type-post_type menu-item-object-page menu-item-1959\"><a href=\"https:\/\/directprovider.com.br\/index.php\/elementor-1953\/\" class=\"elementor-sub-item\" tabindex=\"-1\">Intelligent Robotics<\/a><\/li>\n<\/ul>\n<\/li>\n<\/ul>\t\t\t<\/nav>\n\t\t\t\t\t\t<\/div>\n\t\t\t\t<\/div>\n\t\t\t\t<\/div>\n\t\t\t\t\t<\/div>\n\t\t\t\t<\/div>\n\t\t<div class=\"elementor-element elementor-element-9648dc5 e-flex e-con-boxed e-con e-parent\" data-id=\"9648dc5\" data-element_type=\"container\" data-e-type=\"container\">\n\t\t\t\t\t<div class=\"e-con-inner\">\n\t\t\t\t<div class=\"elementor-element elementor-element-4a1347d elementor-widget elementor-widget-image\" data-id=\"4a1347d\" data-element_type=\"widget\" data-e-type=\"widget\" data-widget_type=\"image.default\">\n\t\t\t\t<div class=\"elementor-widget-container\">\n\t\t\t\t\t\t\t\t\t\t\t\t<figure class=\"wp-caption\">\n\t\t\t\t\t\t\t\t\t\t<img decoding=\"async\" width=\"720\" height=\"512\" src=\"https:\/\/directprovider.com.br\/wp-content\/uploads\/2026\/02\/2026_02_09_ia_fisica_78647a1571-2.jpg\" class=\"attachment-medium_large size-medium_large wp-image-1918\" alt=\"\" srcset=\"https:\/\/directprovider.com.br\/wp-content\/uploads\/2026\/02\/2026_02_09_ia_fisica_78647a1571-2.jpg 720w, https:\/\/directprovider.com.br\/wp-content\/uploads\/2026\/02\/2026_02_09_ia_fisica_78647a1571-2-300x213.jpg 300w\" sizes=\"(max-width: 720px) 100vw, 720px\" \/>\t\t\t\t\t\t\t\t\t\t\t<figcaption class=\"widget-image-caption wp-caption-text\">FONTE: ABRANET<\/figcaption>\n\t\t\t\t\t\t\t\t\t\t<\/figure>\n\t\t\t\t\t\t\t\t\t<\/div>\n\t\t\t\t<\/div>\n\t\t\t\t\t<\/div>\n\t\t\t\t<\/div>\n\t\t<div class=\"elementor-element elementor-element-1c90f93 e-flex e-con-boxed e-con e-parent\" data-id=\"1c90f93\" data-element_type=\"container\" data-e-type=\"container\">\n\t\t\t\t\t<div class=\"e-con-inner\">\n\t\t\t\t<div class=\"elementor-element elementor-element-4129f06 elementor-widget elementor-widget-heading\" data-id=\"4129f06\" data-element_type=\"widget\" data-e-type=\"widget\" data-widget_type=\"heading.default\">\n\t\t\t\t<div class=\"elementor-widget-container\">\n\t\t\t\t\t<h2 class=\"elementor-heading-title elementor-size-default\"><b style=\"font-family: Roboto, sans-serif, arial, tahoma;font-size: 23px\">Quando a IA finalmente cria coragem\u2026 e desce para o mundo f\u00edsico<\/b><\/h2>\t\t\t\t<\/div>\n\t\t\t\t<\/div>\n\t\t\t\t\t<\/div>\n\t\t\t\t<\/div>\n\t\t<div class=\"elementor-element elementor-element-740ac38 e-flex e-con-boxed e-con e-parent\" data-id=\"740ac38\" data-element_type=\"container\" data-e-type=\"container\">\n\t\t\t\t\t<div class=\"e-con-inner\">\n\t\t\t\t<div class=\"elementor-element elementor-element-bcccb59 elementor-widget elementor-widget-text-editor\" data-id=\"bcccb59\" data-element_type=\"widget\" data-e-type=\"widget\" data-widget_type=\"text-editor.default\">\n\t\t\t\t<div class=\"elementor-widget-container\">\n\t\t\t\t\t\t\t\t\t<p><strong>O relat\u00f3rio<\/strong>\u00a0\u201c<a href=\"https:\/\/panel.mailtrust.com.br\/campaigns\/qb844bozww108\/track-url\/xg0692rdjv21e\/c7004dccf10ec865609d2b769f69d99da10fe491\" target=\"_blank\" rel=\"noopener\">Intelligent Robotics: The New Era of Physical AI<\/a>\u201d, da Bessemer Venture Partners, mostra que a Intelig\u00eancia Artificial est\u00e1 deixando de ser uma for\u00e7a exclusivamente digital para atuar no mundo f\u00edsico. A transi\u00e7\u00e3o marca o in\u00edcio de uma fase em que rob\u00f4s passam a perceber o ambiente, aprender com dados e agir de forma aut\u00f4noma \u2013 a chamada IA F\u00edsica. Impulsionada pela queda nos custos de hardware, pela expans\u00e3o da Computa\u00e7\u00e3o de Borda e pela migra\u00e7\u00e3o de talentos de IA para a Rob\u00f3tica, essa nova fronteira redefine produtividade e competitividade industrial.<\/p><p><strong>Ainda que o \u201cmomento ChatGPT\u201d da Rob\u00f3tica n\u00e3o tenha chegado<\/strong>, a Bessemer v\u00ea aplica\u00e7\u00f5es pragm\u00e1ticas entregando resultados concretos em setores como log\u00edstica, inspe\u00e7\u00e3o, limpeza e manufatura leve. A\u00a0<a href=\"https:\/\/panel.mailtrust.com.br\/campaigns\/qb844bozww108\/track-url\/xg0692rdjv21e\/0b630b323a5d6b51ffa2eaa8bd54a2dad0a8e288\" target=\"_blank\" rel=\"noopener\">Insight Partners<\/a>\u00a0refor\u00e7a o diagn\u00f3stico ao prever que o crescimento vir\u00e1 de solu\u00e7\u00f5es verticalizadas \u2013 o modelo Robotics-as-a-Service (RaaS) \u2013, enquanto o\u00a0<a href=\"https:\/\/panel.mailtrust.com.br\/campaigns\/qb844bozww108\/track-url\/xg0692rdjv21e\/95421a3ed14bf3664e53f5cfd14172be2bc2157e\" target=\"_blank\" rel=\"noopener\">Turing Post<\/a>\u00a0detalha as inova\u00e7\u00f5es t\u00e9cnicas que tornam essa virada poss\u00edvel: simula\u00e7\u00e3o avan\u00e7ada, teleopera\u00e7\u00e3o e modelos de vis\u00e3o-linguagem-a\u00e7\u00e3o (VLA).<\/p>\t\t\t\t\t\t\t\t<\/div>\n\t\t\t\t<\/div>\n\t\t\t\t\t<\/div>\n\t\t\t\t<\/div>\n\t\t<div class=\"elementor-element elementor-element-afbe1c4 e-flex e-con-boxed e-con e-parent\" data-id=\"afbe1c4\" data-element_type=\"container\" data-e-type=\"container\">\n\t\t\t\t\t<div class=\"e-con-inner\">\n\t\t\t\t<div class=\"elementor-element elementor-element-121929f elementor-widget elementor-widget-image\" data-id=\"121929f\" data-element_type=\"widget\" data-e-type=\"widget\" data-widget_type=\"image.default\">\n\t\t\t\t<div class=\"elementor-widget-container\">\n\t\t\t\t\t\t\t\t\t\t\t\t\t\t\t<img decoding=\"async\" width=\"768\" height=\"432\" src=\"https:\/\/directprovider.com.br\/wp-content\/uploads\/2026\/02\/maxresdefault-1-768x432.jpg\" class=\"attachment-medium_large size-medium_large wp-image-1920\" alt=\"\" srcset=\"https:\/\/directprovider.com.br\/wp-content\/uploads\/2026\/02\/maxresdefault-1-768x432.jpg 768w, https:\/\/directprovider.com.br\/wp-content\/uploads\/2026\/02\/maxresdefault-1-300x169.jpg 300w, https:\/\/directprovider.com.br\/wp-content\/uploads\/2026\/02\/maxresdefault-1-1024x576.jpg 1024w, https:\/\/directprovider.com.br\/wp-content\/uploads\/2026\/02\/maxresdefault-1.jpg 1280w\" sizes=\"(max-width: 768px) 100vw, 768px\" \/>\t\t\t\t\t\t\t\t\t\t\t\t\t\t\t<\/div>\n\t\t\t\t<\/div>\n\t\t\t\t\t<\/div>\n\t\t\t\t<\/div>\n\t\t<div class=\"elementor-element elementor-element-b7f7385 e-grid e-con-boxed e-con e-parent\" data-id=\"b7f7385\" data-element_type=\"container\" data-e-type=\"container\">\n\t\t\t\t\t<div class=\"e-con-inner\">\n\t\t\t\t<div class=\"elementor-element elementor-element-0223d6c elementor-widget elementor-widget-text-editor\" data-id=\"0223d6c\" data-element_type=\"widget\" data-e-type=\"widget\" data-widget_type=\"text-editor.default\">\n\t\t\t\t<div class=\"elementor-widget-container\">\n\t\t\t\t\t\t\t\t\t<p><strong>Por d\u00e9cadas, a Rob\u00f3tica foi sin\u00f4nimo de m\u00e1quinas fixas e programadas para tarefas \u00fanicas. Agora, entra em cena uma intelig\u00eancia f\u00edsica adaptativa, capaz de reagir a contextos imprevis\u00edveis.<\/strong>\u00a0A Bessemer associa essa transi\u00e7\u00e3o \u00e0 combina\u00e7\u00e3o de fatores: redu\u00e7\u00e3o de custos, migra\u00e7\u00e3o de talentos, press\u00e3o global por produtividade e amadurecimento t\u00e9cnico que encurta o caminho entre pesquisa e aplica\u00e7\u00e3o. Esses elementos reduzem a dist\u00e2ncia entre inova\u00e7\u00e3o e implanta\u00e7\u00e3o. De experimento de P&amp;D, a Rob\u00f3tica\u00a0passa a integrar a estrat\u00e9gia operacional das empresas.<\/p><p><strong>Os avan\u00e7os t\u00e9cnicos seguem tr\u00eas dire\u00e7\u00f5es complementares.\u00a0<\/strong>A primeira \u00e9 o uso de simula\u00e7\u00e3o e dados sint\u00e9ticos (Sim2Real e Real2Sim), que permitem treinar rob\u00f4s em ambientes virtuais antes de test\u00e1-los no mundo real. A segunda \u00e9 a teleopera\u00e7\u00e3o, combina\u00e7\u00e3o de interven\u00e7\u00e3o humana e coleta de dados de alta qualidade para treinar sistemas aut\u00f4nomos. A terceira envolve modelos de vis\u00e3o-linguagem-a\u00e7\u00e3o, capazes de interpretar o ambiente, planejar tarefas e executar movimentos com base em comandos em linguagem natural.<\/p><p><strong>Na pr\u00e1tica, essas inova\u00e7\u00f5es tornam o ciclo de desenvolvimento mais r\u00e1pido.\u00a0<\/strong>O que antes levava anos agora se resolve em meses, com rob\u00f4s mais baratos, sensores modulares e algoritmos eficientes. O Turing Post descreve esse processo como o nascimento de uma nova camada de infraestrutura para o mundo f\u00edsico \u2013 uma combina\u00e7\u00e3o entre percep\u00e7\u00e3o, decis\u00e3o e movimento que traduz a intelig\u00eancia artificial em a\u00e7\u00e3o concreta.<\/p><p><strong>Do ponto de vista de mercado, tanto a Bessemer quanto a Insight Partners apontam a mesma dire\u00e7\u00e3o:<\/strong>\u00a0o futuro pr\u00f3ximo ser\u00e1 verticalizado. Em vez de buscar um rob\u00f4 universal, empresas preferem solu\u00e7\u00f5es sob medida, voltadas a tarefas espec\u00edficas e com retorno mensur\u00e1vel. O modelo RaaS viabiliza esse movimento \u2013 rob\u00f4s por assinatura, com contratos de desempenho e integra\u00e7\u00e3o com sistemas corporativos. Para investidores, o apelo est\u00e1 na receita recorrente e na previsibilidade; para empresas, na redu\u00e7\u00e3o de custos e na flexibilidade de atualiza\u00e7\u00e3o.<\/p><p><strong>H\u00e1 duas rotas distintas, segundo a Insight:<\/strong>\u00a0modelos de funda\u00e7\u00e3o rob\u00f3ticos, de car\u00e1ter generalista, e solu\u00e7\u00f5es vRaaS, voltadas a tarefas e setores espec\u00edficos. A aposta majorit\u00e1ria recai sobre o segundo caminho, considerado mais vi\u00e1vel no curto prazo por privilegiar confiabilidade, seguran\u00e7a e integra\u00e7\u00e3o com sistemas legados. A Bessemer segue a mesma linha e sugere que os primeiros ganhos vir\u00e3o de aplica\u00e7\u00f5es especializadas e de retorno mensur\u00e1vel. Entre os setores mais promissores est\u00e3o limpeza, inspe\u00e7\u00e3o, manufatura leve, log\u00edstica e seguran\u00e7a. Em todos eles, o denominador comum \u00e9 a integra\u00e7\u00e3o entre rob\u00f4s, humanos e sistemas de gest\u00e3o.<\/p><p><strong>Mas alguns desafios permanecem.\u00a0<\/strong>O primeiro \u00e9 a integra\u00e7\u00e3o com sistemas legados, ainda um gargalo importante. Conectar novos rob\u00f4s a infraestruturas industriais exige adapta\u00e7\u00f5es e protocolos de seguran\u00e7a espec\u00edficos. Outro ponto \u00e9 a confiabilidade operacional: mais importante do que picos de precis\u00e3o \u00e9 garantir estabilidade e manuten\u00e7\u00e3o previs\u00edvel. Para a\u00a0Insight, \u00e9 necess\u00e1rio ter\u00a0SLAs claros de uptime e planos de resposta r\u00e1pida (MTTR) para falhas. O terceiro desafio \u00e9 a economia do RaaS, que depende de margens ajustadas e de uma gest\u00e3o eficiente do ciclo de vida do hardware. E h\u00e1 ainda a governan\u00e7a de dados, cada vez mais vista como diferencial competitivo \u2013 quem controla as informa\u00e7\u00f5es capturadas e como elas podem ser reutilizadas para treinar novos modelos.<\/p><p><strong>A Bessemer defende que o foco, neste momento, deve estar em transformar pilotos em estrat\u00e9gias corporativas.<\/strong>\u00a0Isso implica definir indicadores de desempenho desde o in\u00edcio, mapear integra\u00e7\u00f5es necess\u00e1rias e incluir cl\u00e1usulas sobre confiabilidade e propriedade de dados nos contratos. A Insight complementa: o valor real est\u00e1 na replicabilidade. Um piloto bem-sucedido deve ser escal\u00e1vel entre unidades, sem depender de customiza\u00e7\u00f5es excessivas ou de um ex\u00e9rcito de integradores.\u00a0A recomenda\u00e7\u00e3o geral \u00e9 come\u00e7ar pequeno, medir rigorosamente e ajustar r\u00e1pido. Teleopera\u00e7\u00e3o, coleta de dados e simula\u00e7\u00e3o aceleram a curva de aprendizado, reduzem riscos e preparam o terreno para autonomia crescente.<\/p><p><strong>Apesar do entusiasmo, os relat\u00f3rios mant\u00eam cautela.\u00a0<\/strong>A ado\u00e7\u00e3o em larga escala ainda depende de padroniza\u00e7\u00e3o, redu\u00e7\u00e3o de custos de manuten\u00e7\u00e3o e maior transpar\u00eancia sobre o funcionamento dos modelos. Mesmo assim, h\u00e1 consenso de que a IA F\u00edsica entrou definitivamente na agenda de competitividade. Para conselhos e executivos, a quest\u00e3o n\u00e3o \u00e9 mais se a Rob\u00f3tica Inteligente vai amadurecer \u2013 mas como e quando ela come\u00e7ar\u00e1 a transformar seus setores.<\/p><p><strong>Em conjunto, os tr\u00eas estudos comp\u00f5em um retrato coerente de uma revolu\u00e7\u00e3o em curso<\/strong>: a da Intelig\u00eancia Artificial que, enfim, ganha corpo e come\u00e7a a redesenhar o trabalho f\u00edsico.<\/p>\t\t\t\t\t\t\t\t<\/div>\n\t\t\t\t<\/div>\n\t\t\t\t\t<\/div>\n\t\t\t\t<\/div>\n\t\t<div class=\"elementor-element elementor-element-7f766f5 e-flex e-con-boxed e-con e-parent\" data-id=\"7f766f5\" data-element_type=\"container\" data-e-type=\"container\" data-settings=\"{&quot;background_background&quot;:&quot;classic&quot;}\">\n\t\t\t\t\t<div class=\"e-con-inner\">\n\t\t<div class=\"elementor-element elementor-element-d2c555b e-con-full e-flex e-con e-child\" data-id=\"d2c555b\" data-element_type=\"container\" data-e-type=\"container\">\n\t\t<div class=\"elementor-element elementor-element-2f1ca9b e-con-full e-flex e-con e-child\" data-id=\"2f1ca9b\" data-element_type=\"container\" data-e-type=\"container\">\n\t\t<div class=\"elementor-element elementor-element-9dd91c7 e-con-full e-flex e-con e-child\" data-id=\"9dd91c7\" data-element_type=\"container\" data-e-type=\"container\">\n\t\t\t\t<div class=\"elementor-element elementor-element-5a12181 elementor-widget__width-initial elementor-widget elementor-widget-text-editor\" data-id=\"5a12181\" data-element_type=\"widget\" data-e-type=\"widget\" data-widget_type=\"text-editor.default\">\n\t\t\t\t<div class=\"elementor-widget-container\">\n\t\t\t\t\t\t\t\t\t<p>Rua Samuel Morse, 74 &#8211; Conjuntos 43\/44 &#8211; 4\u00ba andar Brooklin &#8211; S\u00e3o Paulo &#8211; SP | CEP 04576-060<\/p><p>Ouvidoria:<\/p><p>Nacional: 5506-4477<\/p><p>Internacional: 0800 773 3368<\/p><p>Email:\u00a0contato@eduead.com.br<\/p>\t\t\t\t\t\t\t\t<\/div>\n\t\t\t\t<\/div>\n\t\t\t\t<\/div>\n\t\t\t\t<div class=\"elementor-element elementor-element-75021a7 elementor-widget elementor-widget-heading\" data-id=\"75021a7\" data-element_type=\"widget\" data-e-type=\"widget\" data-widget_type=\"heading.default\">\n\t\t\t\t<div class=\"elementor-widget-container\">\n\t\t\t\t\t<span class=\"elementor-heading-title elementor-size-default\">\u00a9 2002\/2026 by Directprovider<\/span>\t\t\t\t<\/div>\n\t\t\t\t<\/div>\n\t\t\t\t<\/div>\n\t\t\t\t<\/div>\n\t\t\t\t\t<\/div>\n\t\t\t\t<\/div>\n\t\t\t\t<\/div>\n\t\t","protected":false},"excerpt":{"rendered":"<p>FONTE: ABRANET Quando a IA finalmente cria coragem\u2026 e desce para o mundo f\u00edsico O relat\u00f3rio\u00a0\u201cIntelligent Robotics: The New Era of Physical AI\u201d, da Bessemer Venture Partners, mostra que a Intelig\u00eancia Artificial est\u00e1 deixando de ser uma for\u00e7a exclusivamente digital para atuar no mundo f\u00edsico. A transi\u00e7\u00e3o marca o in\u00edcio de uma fase em que&#8230;<\/p>\n","protected":false},"author":1,"featured_media":0,"parent":0,"menu_order":0,"comment_status":"closed","ping_status":"closed","template":"","meta":{"inline_featured_image":false,"_kad_post_transparent":"","_kad_post_title":"hide","_kad_post_layout":"fullwidth","_kad_post_sidebar_id":"","_kad_post_content_style":"unboxed","_kad_post_vertical_padding":"hide","_kad_post_feature":"hide","_kad_post_feature_position":"","_kad_post_header":false,"_kad_post_footer":false,"_kad_post_classname":"","footnotes":""},"class_list":["post-1938","page","type-page","status-publish","hentry"],"_links":{"self":[{"href":"https:\/\/directprovider.com.br\/index.php\/wp-json\/wp\/v2\/pages\/1938","targetHints":{"allow":["GET"]}}],"collection":[{"href":"https:\/\/directprovider.com.br\/index.php\/wp-json\/wp\/v2\/pages"}],"about":[{"href":"https:\/\/directprovider.com.br\/index.php\/wp-json\/wp\/v2\/types\/page"}],"author":[{"embeddable":true,"href":"https:\/\/directprovider.com.br\/index.php\/wp-json\/wp\/v2\/users\/1"}],"replies":[{"embeddable":true,"href":"https:\/\/directprovider.com.br\/index.php\/wp-json\/wp\/v2\/comments?post=1938"}],"version-history":[{"count":14,"href":"https:\/\/directprovider.com.br\/index.php\/wp-json\/wp\/v2\/pages\/1938\/revisions"}],"predecessor-version":[{"id":2012,"href":"https:\/\/directprovider.com.br\/index.php\/wp-json\/wp\/v2\/pages\/1938\/revisions\/2012"}],"wp:attachment":[{"href":"https:\/\/directprovider.com.br\/index.php\/wp-json\/wp\/v2\/media?parent=1938"}],"curies":[{"name":"wp","href":"https:\/\/api.w.org\/{rel}","templated":true}]}}